51.
17
What is the greatest common factor of 9856 and 41216?
896
Calculate the greatest common factor of 280 and 14294.
14
What is the greatest common divisor of 274290 and 1476?
246
Calculate the greatest common divisor of 24 and 367716.
12
What is the highest common divisor of 1402319 and 7698?
1283
Calculate the greatest common factor of 59 and 106259.
59
What is the greatest common divisor of 37 and 2340065?
37
Calculate the greatest common divisor of 1331 and 359249.
121
What is the highest common factor of 1002 and 4573462?
334
Calculate the greatest common divisor of 10 and 60140.
10
What is the highest common divisor of 954 and 658737?
477
Calculate the highest common factor of 10 and 8120.
10
What is the greatest common divisor of 153 and 22460553?
153
Calculate the greatest common factor of 10676 and 65722.
34
Calculate the highest common factor of 272 and 5703568.
272
Calculate the greatest common factor of 1925 and 775.
25
What is the highest common divisor of 22344 and 167048?
1064
Calculate the highest common factor of 215 and 2545.
5
What is the greatest common divisor of 31 and 82119?
31
What is the greatest common divisor of 1333 and 2797967?
1333
Calculate the highest common factor of 2534 and 1022.
14
What is the highest common divisor of 369 and 46494?
369
Calculate the greatest common divisor of 20 and 72055.
5
Calculate the highest common factor of 2575 and 3811.
103
What is the greatest common factor of 184962 and 696?
174
Calculate the highest common divisor of 100848 and 227672.
1528
Calculate the greatest common divisor of 405 and 1604475.
135
Calculate the highest common divisor of 3530523 and 6555.
1311
What is the highest common divisor of 2408 and 184?
8
Calculate the highest common divisor of 36 and 126018.
18
What is the highest common divisor of 3302 and 26?
26
Calculate the greatest common factor of 78 and 1733355.
39
Calculate the highest common divisor of 136 and 234328.
136
Calculate the highest common factor of 98133 and 28.
7
Calculate the highest common factor of 564377 and 11.
11
Calculate the greatest common factor of 1075257 and 333.
333
Calculate the highest common factor of 149 and 1038083.
149
What is the highest common factor of 221 and 77571?
221
Calculate the greatest common divisor of 348233 and 479.
479
Calculate the greatest common factor of 86628 and 12.
12
What is the highest common factor of 1078061 and 2443?
349
What is the greatest common factor of 342 and 152?
38
What is the greatest common divisor of 16677 and 22563?
981
Calculate the highest common factor of 9479012 and 964.
964
Calculate the greatest common divisor of 76 and 3546806.
38
Calculate the greatest common factor of 1195 and 751177.
239
What is the highest common factor of 34872 and 10824?
24
What is the highest common divisor of 1986 and 261159?
993
Calculate the highest common divisor of 952 and 4538660.
476
Calculate the greatest common factor of 2122305 and 755.
755
Calculate the greatest common factor of 119877 and 217.
31
Calculate the greatest common divisor of 306599 and 158.
79
Calculate the highest common divisor of 44712 and 736.
184
What is the highest common divisor of 3488 and 26596?
436
What is the highest common divisor of 70124 and 376?
188
Calculate the highest common factor of 1370480 and 120.
40
Calculate the greatest common factor of 799984 and 4.
4
What is the greatest common divisor of 87838 and 1850?
74
What is the greatest common divisor of 420 and 46632?
12
Calculate the greatest common divisor of 129055 and 795.
265
What is the greatest common divisor of 4811 and 24338?
283
Calculate the highest common divisor of 363 and 316899.
363
Calculate the greatest common divisor of 1716 and 2354.
22
What is the highest common factor of 2472 and 4266?
6
What is the greatest common factor of 5844739 and 1031?
1031
What is the greatest common factor of 16 and 331904?
16
Calculate the greatest common divisor of 594 and 8433.
9
What is the highest common factor of 39 and 216216?
39
Calculate the greatest common factor of 48 and 102576.
48
What is the highest common divisor of 150 and 14925?
75
What is the highest common divisor of 8341 and 13642?
19
What is the highest common divisor of 342984 and 4464?
744
Calculate the highest common divisor of 360855 and 55.
55
What is the greatest common divisor of 3663 and 704?
11
Calculate the greatest common divisor of 3437 and 117349.
491
Calculate the highest common factor of 22 and 7447.
11
What is the highest common factor of 8 and 103192?
8
What is the highest common factor of 84 and 2850036?
84
Calculate the greatest common divisor of 392 and 666008.
392
Calculate the highest common factor of 62070 and 5910.
30
What is the greatest common factor of 6348 and 259739?
529
Calculate the greatest common divisor of 107 and 296176.
107
Calculate the highest common factor of 1414131 and 246.
123
What is the highest common factor of 1232 and 297?
11
What is the highest common divisor of 378730 and 8764?
626
What is the highest common divisor of 22 and 56738?
22
Calculate the highest common factor of 10892 and 543044.
1556
What is the highest common factor of 1642228 and 659?
659
What is the highest common divisor of 847 and 1253197?
121
What is the highest common factor of 11021 and 824?
103
Calculate the highest common factor of 58 and 6147826.
58
Calculate the highest common divisor of 5193 and 333.
9
Calculate the highest common factor of 1540 and 154748.
44
Calculate the greatest common factor of 212 and 210092.
212
What is the highest common factor of 8206650 and 108?
54
Calculate the highest common factor of 1125145 and 2975.
595
Calculate the greatest common divisor of 12464 and 532.
76
Calculate the highest common divisor of 3456162 and 783.
783
What is the greatest common divisor of 6647 and 2312?
289
Calculate the greatest common factor of 209034 and 98.
98
Calculate the highest common divisor of 57043 and 2639.
203
What is the greatest common divisor of 9969 and 3?
3
Calculate the greatest common divisor of 5575 and 575.
25
What is the highest common divisor of 1119550 and 100?
50
Calculate the greatest common divisor of 23 and 299.
23
What is the greatest common factor of 80641 and 66?
11
Calculate the highest common factor of 170 and 4590.
170
Calculate the greatest common factor of 691 and 1522273.
691
Calculate the highest common divisor of 76 and 317927.
19
What is the highest common factor of 119422 and 497?
71
Calculate the highest common divisor of 12285 and 26838.
189
What is the highest common factor of 27770 and 1660?
10
What is the highest common factor of 8829 and 297?
27
Calculate the highest common factor of 73 and 510416.
73
What is the greatest common factor of 15570 and 270?
90
What is the greatest common factor of 35 and 155655?
5
Calculate the highest common factor of 1736505 and 38.
19
What is the highest common divisor of 165970 and 4550?
70
What is the greatest common divisor of 32336 and 3008?
752
What is the highest common divisor of 426 and 134474?
142
Calculate the greatest common divisor of 44 and 73898.
22
What is the greatest common divisor of 588 and 4258884?
588
What is the highest common divisor of 137720 and 385?
55
What is the greatest common divisor of 402 and 9849?
201
Calculate the greatest common divisor of 271285 and 245.
35
Calculate the highest common divisor of 76 and 14117.
19
Calculate the highest common divisor of 68152 and 44.
4
Calculate the highest common factor of 8192 and 208.
16
What is the greatest common divisor of 5603 and 1287?
13
Calculate the greatest common factor of 14949 and 1584.
99
Calculate the greatest common divisor of 140 and 9002.
14
Calculate the highest common factor of 6699 and 22098.
87
Calculate the greatest common factor of 48 and 154832.
16
What is the greatest common factor of 34937 and 2989?
49
Calculate the greatest common divisor of 4100 and 39524.
164
What is the greatest common divisor of 7721 and 511?
7
What is the greatest common factor of 1247 and 1073?
29
What is the highest common factor of 4779 and 1357?
59
Calculate the greatest common factor of 3570 and 8058.
102
Calculate the highest common factor of 10166 and 7956.
442
Calculate the greatest common divisor of 378 and 3